645 is divided by 165.
160
Calculate the remainder when 8455 is divided by 4197.
61
What is the remainder when 102658 is divided by 608?
514
What is the remainder when 2902 is divided by 343?
158
Calculate the remainder when 221602 is divided by 236.
234
Calculate the remainder when 235 is divided by 63.
46
What is the remainder when 708556 is divided by 85?
81
What is the remainder when 1057211 is divided by 8?
3
What is the remainder when 3497616 is divided by 581?
577
What is the remainder when 14621 is divided by 1210?
101
What is the remainder when 8451 is divided by 2755?
186
What is the remainder when 54246 is divided by 39?
36
What is the remainder when 982 is divided by 36?
10
Calculate the remainder when 7701 is divided by 193.
174
Calculate the remainder when 21334 is divided by 1254.
16
Calculate the remainder when 4014122 is divided by 466.
464
What is the remainder when 61969 is divided by 5?
4
Calculate the remainder when 17757 is divided by 463.
163
What is the remainder when 6280 is divided by 57?
10
Calculate the remainder when 325374 is divided by 117.
114
What is the remainder when 670757 is divided by 8?
5
What is the remainder when 70541 is divided by 109?
18
What is the remainder when 686 is divided by 54?
38
What is the remainder when 12188 is divided by 4047?
47
Calculate the remainder when 1615230 is divided by 12.
6
What is the remainder when 17580 is divided by 87?
6
Calculate the remainder when 25746 is divided by 696.
690
What is the remainder when 8749 is divided by 4374?
1
Calculate the remainder when 366630 is divided by 366625.
5
Calculate the remainder when 10273 is divided by 64.
33
What is the remainder when 12091 is divided by 109?
101
What is the remainder when 2591 is divided by 818?
137
What is the remainder when 59987 is divided by 198?
191
Calculate the remainder when 11041 is divided by 1378.
17
Calculate the remainder when 22871 is divided by 121.
2
Calculate the remainder when 26744 is divided by 26620.
124
What is the remainder when 2337 is divided by 768?
33
Calculate the remainder when 4320 is divided by 230.
180
What is the remainder when 2081 is divided by 286?
79
Calculate the remainder when 293426 is divided by 436.
434
Calculate the remainder when 56017 is divided by 107.
56
What is the remainder when 7621 is divided by 3798?
25
Calculate the remainder when 3041 is divided by 197.
86
What is the remainder when 918 is divided by 341?
236
What is the remainder when 4746 is divided by 138?
54
What is the remainder when 66004 is divided by 21974?
82
What is the remainder when 40080 is divided by 888?
120
Calculate the remainder when 1286 is divided by 1260.
26
What is the remainder when 1081 is divided by 987?
94
What is the remainder when 12571 is divided by 39?
13
What is the remainder when 5052 is divided by 75?
27
Calculate the remainder when 18726 is divided by 297.
15
Calculate the remainder when 8515 is divided by 142.
137
What is the remainder when 124821 is divided by 44?
37
What is the remainder when 8083 is divided by 424?
27
What is the remainder when 399409 is divided by 199655?
99
What is the remainder when 233325 is divided by 66?
15
Calculate the remainder when 363552 is divided by 27.
24
Calculate the remainder when 18834 is divided by 541.
440
Calculate the remainder when 7141 is divided by 2334.
139
What is the remainder when 17058 is divided by 19?
15
Calculate the remainder when 8812 is divided by 2885.
157
Calculate the remainder when 23208 is divided by 55.
53
What is the remainder when 66264 is divided by 9456?
72
What is the remainder when 5012 is divided by 306?
116
What is the remainder when 6917 is divided by 40?
37
What is the remainder when 53451 is divided by 118?
115
Calculate the remainder when 3670 is divided by 355.
120
What is the remainder when 7742 is divided by 623?
266
What is the remainder when 2212 is divided by 1096?
20
What is the remainder when 11259 is divided by 815?
664
What is the remainder when 1261169 is divided by 405?
404
What is the remainder when 2370 is divided by 495?
390
What is the remainder when 3507 is divided by 929?
720
What is the remainder when 1119 is divided by 299?
222
Calculate the remainder when 94961 is divided by 102.
101
What is the remainder when 66373 is divided by 26?
21
Calculate the remainder when 849820 is divided by 1876.
1868
Calculate the remainder when 1199 is divided by 219.
104
Calculate the remainder when 273969 is divided by 34245.
9
What is the remainder when 707 is divided by 119?
112
Calculate the remainder when 24811 is divided by 85.
76
What is the remainder when 60314 is divided by 1436?
2
What is the remainder when 4256 is divided by 137?
9
What is the remainder when 3113 is divided by 687?
365
Calculate the remainder when 194603 is divided by 97287.
29
What is the remainder when 40217 is divided by 20?
17
What is the remainder when 5097 is divided by 71?
56
What is the remainder when 21711 is divided by 7042?
585
Calculate the remainder when 234954 is divided by 271.
268
What is the remainder when 264804 is divided by 485?
479
Calculate the remainder when 7424 is divided by 781.
395
What is the remainder when 2746 is divided by 866?
148
What is the remainder when 5265256 is divided by 2632626?
4
Calculate the remainder when 34835 is divided by 11.
9
What is the remainder when 309902 is divided by 16?
14
What is the remainder when 5731 is divided by 2863?
5
What is the remainder when 6202 is divided by 183?
163
What is the remainder when 9149 is divided by 327?
320
Calculate the remainder when 4104 is divided by 216.
0
Calculate the remainder when 93353 is divided by 54.
41
Calculate the remainder when 1730 is divided by 520.
170
Calculate the remainder when 2126 is divided by 688.
62
What is the remainder when 3127 is divided by 1017?
76
Calculate the remainder when 8367 is divided by 131.
114
What is the remainder when 1078483 is divided by 72?
67
Calculate the remainder when 6535 is divided by 56.
39
What is the remainder when 5331 is divided by 49?
39
What is the remainder when 22659 is divided by 99?
87
What is the remainder when 72972 is divided by 72968?
4
Calculate the remainder when 5055 is divided by 194.
11
Calculate the remainder when 2261 is divided by 546.
77
What is the remainder when 725975 is divided by 36?
35
Calculate the remainder when 13946 is divided by 1742.
10
What is the remainder when 8577 is divided by 941?
108
Calculate the remainder when 396498 is divided by 21.
18
What is the remainder when 177190 is divided by 963?
961
What is the remainder when 11916 is divided by 753?
621
Calculate the remainder when 335336 is divided by 83833.
4
Calculate the remainder when 67551 is divided by 19.
6
Calculate the remainder when 3857059 is divided by 187.
184
What is the remainder when 3048252 is divided by 13?
12
What is the remainder when 1000 is divided by 497?
6
What is the remainder when 5187 is divided by 61?
2
Calculate the remainder when 492228 is divided by 91.
9
What is the remainder when 4375 is divided by 992?
407
Calculate the remainder when 2998015 is divided by 1673.
1672
What is the remainder when 17528 is divided by 877?
865
What is the remainder when 2618 is divided by 173?
23
Calculate the remainder when 19639 is divided by 1150.
89
Calculate the remainder when 2880 is divided by 704.
64
Calculate the remainder when 58046 is divided by 165.
131
What is the remainder when 4654480 is divided by 15?
10
Calculate the remainder when 357794 is divided by 147.
143
What is the remainder when 14020 is divided by 15?
10
What is the remainder when 224659 is divided by 8?
3
Calculate the remainder when 13548 is divided by 2703.
33
Calculate the remainder when 494984 is divided by 46.
24
What is the remainder when 41666 is divided by 43?
42
What is the remainder when 64497 is divided by 32238?
21
Calculate the remainder when 42836 is divided by 3891.
35
What is the remainder when 573063 is divided by 679?
666
Calculate the remainder when 15391 is divided by 51.
40
Calculate the remainder when 3332 is divided by 113.
55
Calculate the remainder when 2926209 is divided by 70.
69
Calculate the remainder when 135336 is divided by 591.
588
Calculate the remainder when 220737 is div